 of 7*k**4/6 - 4*k**3/3 + k**2 + 3*k. What are the prime factors of j(3)?
2, 13
Let j(i) = 2*i**2 - 31*i - 11. Let a = 64 - 46. List the prime factors of j(a).
79
Let i = 336 + -544. Let c = i - -319. List the prime factors of c.
3, 37
Let s = 3543 + -2494. List the prime factors of s.
1049
Let c = 110 - 110. Let p(j) = -2*j**2 - j + 112. List the prime factors of p(c).
2, 7
Let m = -5 - 1. Let g = m - -6. Suppose 2*s + g*q + q - 42 = 0, 2*s = 5*q + 30. List the prime factors of s.
2, 5
Let r(w) = w**2 - 4*w - 14. Let n be (-290)/(-26) - (-4)/(-26). List the prime factors of r(n).
3, 7
Let h = 340 - 167. Suppose 0*o + h = -3*o + 4*c, -2*o - 123 = 5*c. Let d = -7 - o. List the prime factors of d.
2, 13
Suppose 0*a + 2*a = 4*z - 1796, 0 = 5*z + 2*a - 2227. What are the prime factors of z?
3, 149
Let l = 29 + -29. List the prime factors of -1 - l - 8/((-40)/345).
2, 17
Suppose 2*b = 13*b - 418. Suppose -3*r + 124 = -f, 3*r - 4*r = -f - b. List the prime factors of r.
43
Let x(i) = i - 1. Let q(w) = 25*w - 54. Let p(a) = -q(a) + 2*x(a). What are the prime factors of p(-6)?
2, 5, 19
Let r be (-368)/56 + (-3)/7. Let p be ((-452)/r)/((-2)/(-7)). Suppose -3*t + 102 = -u - 74, -4*t + p = 3*u. List the prime factors of t.
2, 29
Let l(z) = -z**2 - 45 + 15*z + 28 + 22. Suppose 28 = y + y. What are the prime factors of l(y)?
19
Suppose 6 = -3*t, 9*f = 13*f - 3*t - 654. What are the prime factors of f?
2, 3
Let s = -13 + 13. Suppose 3*t + 7*r - 4*r - 12 = s, -5*r = -3*t - 20. Suppose t = -5*u - 0*u + 260. List the prime factors of u.
2, 13
Let s(u) be the third derivative of -4*u**6/3 + u**5/60 + u**4/24 - u**3/6 + 33*u**2. List the prime factors of s(-1).
3, 53
Suppose 2*p - 17 = -3*j, 0 = -2*j - 3*p - 6 + 24. Let u be j/(0 + 2 + -1). What are the prime factors of (156/14)/(u/21)?
2, 3, 13
Suppose 3*l - 1036 = 4*n, 3*l + 160 = -2*n + 1172. List the prime factors of l.
2, 5, 17
Let z be (3 + (-51)/15)/((-4)/10). What are the prime factors of z/(3/(-636)*-4)?
53
Suppose -16*z = -388 - 556. List the prime factors of z.
59
List the prime factors of ((-5290)/(-20) + 0)*6.
3, 23
List the prime factors of (-23*4/12)/(5/(-645)).
23, 43
List the prime factors of (239274/(-648))/(2/(-24)).
3, 7, 211
List the prime factors of (315 - -4)/(8/16).
2, 11, 29
Suppose 10 = -2*i, -l - 5*i = -210 - 111. What are the prime factors of l?
2, 173
Let t be (25 + (2 - -1))*1. Suppose 2*c + 4*f = -t, -f - 106 = -2*c + 7*c. List the prime factors of c/88 - 26/(-8).
3
Suppose -z = -4*g - 60, z - 90 = 5*g - 4*z. Let l = g - -51. What are the prime factors of l?
37
Let r(m) = -63*m**3 + 11*m**2 + 24*m. List the prime factors of r(-3).
2, 3
Suppose 2*j = 5*v - 16483 + 1757, 4*v - 11782 = j. What are the prime factors of v?
2, 3, 491
Let c be (-3)/(-1) + 1*-2. Let i be ((3 - 5) + 2)/c. What are the prime factors of 1/2*(i - -4)?
2
Let b(o) be the second derivative of o**5/20 - 13*o**4/12 - 25*o**2/2 + 30*o. What are the prime factors of b(14)?
3, 19
Let w = -17 - -21. Let a = w - 1. List the prime factors of 312/(-9)*a/(-2).
2, 13
Let x(g) = -g + 1. Let t(l) = -80*l + 4. Let o(k) = -t(k) + 5*x(k). Let z be o(1). Suppose 4*i - z = 28. What are the prime factors of i?
2, 13
Suppose -p + 269 = 2*j + j, -5*p = -j + 63. What are the prime factors of j?
2, 11
Let j(m) = m - 6. Let h be j(6). Suppose -2 + 6 = x - 2*q, h = -5*x + 2*q + 20. What are the prime factors of x?
2
Suppose 4*n = -2*u + 410, 3*u + 5*n - 168 = 445. List the prime factors of u.
3, 67
Let n = -74 + 2. Let l = n + 138. What are the prime factors of l?
2, 3, 11
Let w(m) = 6*m**2 + 2*m + 1. Let f be w(-1). Suppose 82 = f*c - 68. List the prime factors of c.
2, 3, 5
Suppose 0 = -x + 4, 0 = w + x - 4*x + 8. Let g be (-2)/(-8) - (-23)/w. Suppose 21 = -3*h + g*h. List the prime factors of h.
7
Suppose 24*w - 28*w = -5*h - 16285, 3*w + h = 12209. List the prime factors of w.
2, 5, 11, 37
Let d = 70 + -53. List the prime factors of d.
17
Suppose -3*q = 4*h - 146, -3*h + 6*h - 6 = 0. Suppose -2*a + 48 + q = 0. List the prime factors of a.
47
Suppose 24 = 5*v + 4. Let c(d) = -d + 2. Let r be c(v). List the prime factors of (r + 1)/(1/(-2)).
2
Suppose 0 = 7*f - 2305 - 6081. What are the prime factors of f?
2, 599
Let f(p) = 394*p - 1140. What are the prime factors of f(15)?
2, 3, 5, 53
Suppose -25 = 3*n - 8*n + 3*v, -n + 5 = -3*v. Suppose h + 3*c = 40, -n*h + 0*c + 2*c + 149 = 0. What are the prime factors of h?
31
Let p be 52/(-14) - (-4)/(-14). Let t be (70/20)/(2/p). Let o(b) = b**3 + 9*b**2 + 7*b - 7. List the prime factors of o(t).
2, 3, 7
Let n = 59 - 40. Let i = -231 - -220. Let b = n - i. List the prime factors of b.
2, 3, 5
Let y(u) = u**2 + 4*u + 3. Let f be y(-3). List the prime factors of (-4)/8*-148 + f.
2, 37
Let p be 23/7 + 6/(-21). Let f = p + 1. Suppose -71 = -f*d - 3. List the prime factors of d.
17
Let o = 1863 + 76. What are the prime factors of o?
7, 277
Let r = -2645 - -2967. List the prime factors of r.
2, 7, 23
Let v(l) = -l**2 + 3. Let h(f) = -3*f**2 + 9. Let k(w) = -6*h(w) + 17*v(w). Let d(a) = a**2 + 2*a + 5. Let o be d(-2). List the prime factors of k(o).
2, 11
Suppose 5*v + 25 = 0, 0*o - o + 25 = -5*v. Let l(u) = u + 15. Let r be l(-10). Suppose -15 + o = -r*j. List the prime factors of j.
3
Let u(d) = -d**3 + 25*d**2 - 57*d + 32. What are the prime factors of u(19)?
5, 223
Suppose 5 = 2*p - 5. Let d(q) = 20*q + 163. Let o be d(-8). Suppose -w - p*i + 0*i = -12, -o*i = 6. List the prime factors of w.
2, 11
Let z be (7 + -6 - -30)/(2/4). Suppose 3*g - 28 = z. What are the prime factors of g?
2, 3, 5
Suppose 5*n - 24 - 41 = 0. Suppose -f - 4*f + 5 = -3*v, -v - 2*f + n = 0. Suppose -2*c + 0*c - v = -3*k, 0 = 3*c - 6. List the prime factors of k.
3
Suppose -4*d + 2925 = -j, 0 = 3*d + 2*j - 543 - 1637. What are the prime factors of d?
2, 5, 73
Suppose 0 = -5*h + 2*h - 63. Let x be (-795)/h + (-3)/(-21). List the prime factors of 1/3*(x - 2).
2, 3
Let a = -162 + 529. List the prime factors of a.
367
Suppose -29*m - 118956 = -75*m. What are the prime factors of m?
2, 3, 431
Let l(j) = 2*j**3 - 19*j**2 + 11*j - 12. Let o be l(8). Let f = o + 149. What are the prime factors of f?
3, 11
Let d(r) = -r**3 + 5*r**2 - 2*r - 3. Let x = -4 - -8. Let a be d(x). What are the prime factors of 5/(a + (-8 - -4))?
5
Suppose 0 = 2*p + 3*p - 15. Suppose -b + p*g = -46, -7*g + 3*g = 16. List the prime factors of b.
2, 17
Let z be 12/6 - (-1 - 1). Suppose -i - 4*i + 2007 = 3*v, -3*i = z*v - 1213. What are the prime factors of (-4)/(-18) - i/(-27)?
3, 5
Let h = 5 - 5. Suppose g = 5*w - 4*g - 20, -4*w = 3*g - 23. Suppose -w*c + 136 - 31 = h. What are the prime factors of c?
3, 7
Suppose -5*z + 2 = -3. Let g = -4 - -6. Suppose -q + g = -z. What are the prime factors of q?
3
Suppose -5*i = -4*i - 4. Suppose -168 = -3*b - i*s, -s + 147 = 4*b - 64. What are the prime factors of b?
2, 13
Let o = 323 + -4. Let q = o + -222. List the prime factors of q.
97
Suppose -4*z + 1 = -7. Let t(r) = -3*r**2 + r + 6*r**2 - 2*r + 3*r**2. What are the prime factors of t(z)?
2, 11
Suppose 2*o - y = -181, 0 = 5*o - 4*y + 398 + 56. Let r = o - -265. What are the prime factors of r?
5, 7
Let b(f) = -f**2 - 29*f - 5. Let i be (-18)/6 - (0 - -9). What are the prime factors of b(i)?
199
Suppose 5*a + 0*l - 3*l = 21, 3*a - 4*l = 6. Let h be a/(2/((-12)/(-9))). List the prime factors of (-710)/(-20)*h/2.
71
Suppose 0 = -6*g + 1818 + 708. List the prime factors of g.
421
Let w(i) = -i + 15. Let g be w(13). Let k(b) = 38*b**2 + b - 5. What are the prime factors of k(g)?
149
Let m be (-68 - 4)/(-2) + -1*1. Let s = 63 - m. What are the prime factors of s?
2, 7
Let q = -5 - -9. Suppose -4*d - 132 = -q*j + 64, 3*j + 3 = 0. Let t = d + 103. List the prime factors of t.
53
Suppose -2*l = -2*g + 48, g = -2*l - 0*l - 57. What are the prime factors of (l - -25)/((-1)/63*2)?
3, 7
Suppose 0 = 28*i - 29*i - 41. Let n = 71 - i. List the prime factors of n.
2, 7
Let d = 87 - 81. Let n = d - -96. List the prime factors of n.
2, 3, 17
Suppose 2*q + 38 - 8 = 0. Let d be (18/(-8))/(q/(-40)). Let b(y) = -3*y - 7. What are the prime factors of b(d)?
11
Let q be (3632/(-24))/(4/(-18)). Suppose 5*g = 4*v - q, -10*v + 154 = -9*v + 2*g. List the prime factors of v.
2, 41
Let t(d) = 1